9
Let i(x) = -8*x**2 + 25*x + 149. Determine i(-5).
-176
Let o(f) = f**3 - 2*f**2 - 46*f + 65. Determine o(0).
65
Let h(q) = -12*q**2 - 557*q - 192. Determine h(-46).
38
Let s(l) = 5*l**2 + 162*l + 29. What is s(-33)?
128
Let y(f) = -50*f + 287. Give y(7).
-63
Let c(a) = 255*a**2 - 2059*a + 6. Give c(8).
-146
Let d(m) = 7*m + 60. What is d(10)?
130
Let j(l) = -2*l**2 - 82*l - 89. Determine j(-40).
-9
Let h(k) = -k**3 - 3*k**2 + 304*k - 5. Calculate h(-19).
-5
Let k(t) = -2*t**2 + 12*t - 24. What is k(4)?
-8
Let n(v) = -44*v**2 - 232*v - 56. Calculate n(-5).
4
Let p(b) = b**2 + 1340*b + 4016. Calculate p(-3).
5
Let s(r) = -836*r + 88611. Give s(106).
-5
Let i(a) = 3*a**2 + 18*a + 14. Determine i(-6).
14
Let n(u) = -38*u + 396. What is n(12)?
-60
Let s(t) = 191*t - 14893. Give s(78).
5
Let v(g) = -39*g**2 - 182*g - 1. Give v(-4).
103
Let v(x) = x**3 - 6*x**2 + 10*x + 15. Give v(6).
75
Let f(k) = 99*k**3 - 2*k**2 - 14*k - 15. What is f(-2)?
-787
Let j(o) = o**3 + 76*o**2 - 241*o - 96. Determine j(-79).
220
Let b(i) = i**3 - 19*i**2 + 12*i - 222. Give b(19).
6
Let o(f) = -2*f**2 + 63*f - 65. Determine o(31).
-34
Let n(x) = 2*x**3 - 2*x**2 - 22*x - 27. Calculate n(5).
63
Let k(a) = a**3 - 27*a**2 - 124*a - 80. Give k(31).
-80
Let f(w) = -49*w + 1579. Determine f(33).
-38
Let r(s) = 2*s**3 + 255*s**2 + 376*s - 237. Calculate r(-126).
15
Let l(s) = 3*s**2 - 5*s - 33. What is l(4)?
-5
Let r(s) = -41*s + 3860. Determine r(94).
6
Let n(i) = 2*i**3 + 13*i**2 - 3*i - 8. What is n(-6)?
46
Let q(j) = -375*j - 223. What is q(-1)?
152
Let s(t) = -51*t + 392. Determine s(9).
-67
Let i(b) = b**2 + 477*b - 3404. What is i(7)?
-16
Let k(w) = -54*w + 2904. Calculate k(53).
42
Let u(j) = 4*j**2 + 75*j + 331. Give u(-7).
2
Let s(j) = 11*j + 37. Determine s(-17).
-150
Let u(a) = 2*a**2 - 35*a - 78. Determine u(24).
234
Let j(l) = -50*l - 617. What is j(-14)?
83
Let r(o) = -263*o - 281. Give r(-1).
-18
Let m(u) = u**3 - 26*u - 4. Calculate m(6).
56
Let g(w) = -w**2 - 2*w + 75. Give g(-11).
-24
Let t(h) = -h**3 - 110*h**2 + 102*h - 13656. Determine t(-112).
8
Let l(f) = -484*f - 2047. Calculate l(-4).
-111
Let h(v) = -7*v + 17. Give h(16).
-95
Let y(u) = -u**3 + 19*u**2 - 50*u + 20. What is y(16)?
-12
Let t(p) = -246*p + 702. Determine t(6).
-774
Let i(l) = -46*l**3 + 735*l**2 + 20*l - 67. Determine i(16).
-3
Let q(j) = 25*j**3 + 296*j**2 - 25*j + 50. What is q(-12)?
-226
Let w(d) = -4*d**2 - 18*d + 56. Determine w(-7).
-14
Let w(h) = 2*h**2 - 53*h + 210. What is w(4)?
30
Let n(r) = r**3 + 47*r**2 - 108*r - 461. Determine n(-49).
29
Let x(h) = -h**3 - 4*h**2 - h + 6. What is x(-3)?
0
Let y(l) = -782*l + 24207. Determine y(31).
-35
Let g(d) = -21*d**3 - 4*d**2 - 10*d + 15. Determine g(2).
-189
Let f(p) = -2*p**3 - p**2 - 17*p - 71. Give f(-5).
239
Let n(p) = 27*p**2 - 27*p + 151. Calculate n(7).
1285
Let y(v) = -213*v + 841. Give y(4).
-11
Let q(n) = 377*n - 5275. Determine q(14).
3
Let j(f) = f**3 + 18*f**2 + 10*f + 64. Give j(-18).
-116
Let r(q) = -q**3 - 20*q**2 + q + 73. Determine r(-20).
53
Let m(r) = 9*r**2 + 91*r - 40. Give m(-11).
48
Let a(c) = c - 5. Give a(9).
4
Let d(n) = n**2 - 34*n + 24. What is d(31)?
-69
Let v(r) = -78*r - 2966. Give v(-38).
-2
Let s(y) = y**2 + 163*y + 2386. Determine s(-16).
34
Let r(t) = t**3 + 13*t**2 + 2*t - 122. Determine r(-12).
-2
Let f(w) = -221*w - 3316. Calculate f(-15).
-1
Let a(q) = -705*q + 11277. Calculate a(16).
-3
Let z(u) = -3*u - 38. Calculate z(19).
-95
Let x(t) = 5*t**2 + 64*t - 14588. Calculate x(48).
4
Let i(a) = 20*a + 395. What is i(-19)?
15
Let v(h) = 116*h**3 - h**2 + 6*h + 6. Give v(-1).
-117
Let j(y) = 7*y**3 + 22*y**2 + 7*y + 3. Calculate j(-3).
-9
Let o(c) = c**3 - 14*c**2 + 25*c - 86. Give o(12).
-74
Let g(f) = f**3 + 14*f**2 + 13*f + 46. Give g(-15).
-374
Let r(j) = j**3 - 14*j**2 + 9*j + 100. Determine r(13).
48
Let r(y) = y**3 - 233*y**2 - 279*y + 10537. What is r(234)?
7
Let z(o) = -2*o**3 - 9*o**2 - 4*o + 8. What is z(-5)?
53
Let j(d) = -d**2 + 13*d - 114. What is j(10)?
-84
Let b(t) = 2*t**3 - 42*t**2 + 177*t + 16. Give b(15).
-29
Let h(q) = 9*q**2 + 40*q - 11. Give h(-5).
14
Let j(d) = 20*d + 489. What is j(-24)?
9
Let j(m) = m**3 - 25*m**2 + 86*m - 439. Determine j(22).
1
Let h(m) = -248*m**2 - 25792*m - 3. Calculate h(-104).
-3
Let r(a) = -17*a + 1112. Calculate r(62).
58
Let p(s) = 16682*s + 266914. Give p(-16).
2
Let u(v) = v**3 + 25*v**2 + 44*v - 109. Determine u(-23).
-63
Let p(u) = 3*u**2 + 9*u - 10. Give p(3).
44
Let u(v) = -2*v**2 - 202*v - 2725. Determine u(-16).
-5
Let t(u) = 2*u**3 - 2*u**2 - 19*u - 9. Give t(-4).
-93
Let z(v) = -v**3 + 16*v**2 + 26*v - 125. Give z(17).
28
Let j(d) = -d**3 + 5*d**2 + 14*d + 5. Give j(-2).
5
Let x(a) = -23*a + 96. Give x(13).
-203
Let l(g) = -g**3 + 8*g**2 - 2*g + 51. Give l(8).
35
Let l(p) = p**2 + 20*p - 114. Calculate l(5).
11
Let c(k) = -k**3 - 15*k**2 + 2*k - 53. Calculate c(-17).
491
Let q(j) = -12*j**3 + 47*j**2 + 15*j - 28. Calculate q(4).
16
Let h(m) = 14*m - 16. Determine h(1).
-2
Let j(m) = 2*m**3 - 73*m**2 + 103*m + 72. Determine j(35).
2
Let d(r) = 161*r**2 - 976*r - 6. Give d(6).
-66
Let u(f) = f**3 + 3*f**2 - 209*f - 429. Calculate u(-2).
-7
Let w(b) = 5*b**2 - 210*b - 7. Calculate w(42).
-7
Let j(v) = -v**3 + 5*v**2 + 8*v + 2. Give j(7).
-40
Let c(u) = -u**3 - 12*u**2 + 213*u - 159. Calculate c(-22).
-5
Let t(s) = -s**3 - 38*s**2 + 43*s + 3. Calculate t(-39).
-153
Let q(r) = -30*r**3 + 11*r**2 - 2. Determine q(-2).
282
Let y(l) = l**3 + 11*l**2 - 50*l - 484. Calculate y(-12).
-28
Let r(o) = -1419*o + 7083. Calculate r(5).
-12
Let n(m) = 96*m - 17381. What is n(181)?
-5
Let u(x) = -171*x - 7512. Calculate u(-44).
12
Let z(m) = -6*m**2 + 32*m - 21. Give z(5).
-11
Let r(x) = x**2 - 6*x - 28. What is r(9)?
-1
Let m(n) = -n**3 + 31*n**2 - 213*n + 88. Determine m(21).
25
Let p(a) = 638*a - 126961. What is p(199)?
1
Let j(a) = a**2 + 11*a + 20. Give j(-10).
10
Let v(g) = -g**3 + 18*g**2 + 43*g + 15. Determine v(20).
75
Let d(s) = 5*s**2 + 13*s - 7. Calculate d(-4).
21
Let s(c) = -7*c + 257. Determine s(6).
215
Let k(i) = -4*i**3 + 59*i**2 + 8*i - 21. Give k(15).
-126
Let m(y) = -130*y + 15728. What is m(121)?
-2
Let g(j) = 133*j + 1839. Give g(-14).
-23
Let q(b) = b**3 + 17*b**2 + 30*b + 1. Give q(-15).
1
Let g(k) = 3272*k - 9805. What is g(3)?
11
Let o(x) = 47*x - 325. Determine o(15).
380
Let r(u) = -58*u**2 - 258*u - 1. What is r(-4)?
103
Let o(u) = -u**2 - 53*u + 255. Give o(-59).
-99
Let z(h) = 2*h**3 + h**2 - 4*h - 105. Give z(0).
-105
Let u(x) = -x**2 - 9*x - 283. What is u(-19)?
-473
Let n(r) = -r**3 - 3*r**2 + 49*r + 161. Give n(-4).
-19
Let s(a) = 2*a**2 - 168*a + 280. Calculate s(83).
114
Let w(d) = -19*d**3 - 2*d**2 + 4*d + 3. Calculate w(-2).
139
Let v(p) = p**3 + 3*p**2 - 11*p + 10. Calculate v(-5).
15
Let v(k) = -3*k**2 + 17*k + 68. Give v(-3).
-10
Let d(g) = 701*g - 58874. Give d(84).
10
Let h(t) = -357*t - 3921. Determine h(-11).
6
Let d(a) = 29*a + 2132. What is d(-60)?
392
Let l(v) = 370*v - 15163. Determine l(41).
7
Let c(k) = 2*k**3 + 31*k**2 - 921*k + 6. What is c(15)?
-84
Let m(c) = 2*c**3 + 94*c**2 + 84*c - 364. What is m(-46)?
4
Let v(a) = a**3 + 6*a**2 + 6*a - 14. Determine v(0).
-14
Let m(y) = 2*y**3 + 18*y**2 - y - 4. Give m(-9).
5
Let n(t) = -147*t - 2920. Calculate n(-20).
20
Let d(p) = 21*p + 921. Determine d(-44).
-3
Let y(t) = -t**2 - 37*t - 188. Give y(-30).
22
Let g(o) = 14*o + 268. Calculate g(-20).
-12
Let i(h) = 3*h**2 - 118*h - 18678. Calculate i(101).
7
Let z(q) = 1050*q**2 - 5263*q + 7. Calculate z(5).
-58
Let m(t) = t**3 - 15*t**2 - 20*t + 56. Determine m(16).
-8
Let q(r) = -47*r + 1035. What is q(22)?
1
Let x(c) = -c**3 - 32*c**2 - 138*c - 165. Give x(-27).
-84
Let x(j) = -2*j**3 - 5*j**2 + 4*j - 70. Give x(0).
-70
Let m(v) = -564*v + 5609. What is m(10)?
-31
Let n(i) = 3*i**3 + 218*i**2 - 524*i + 67. Give n(-75).
-8
Let k(i) = 16*i + 41. What is k(-2)?
9
Let a(u) = -970*u + 10663. Determine a(11).
-7
Let x(b) = -21*b - 117. Give x(-8).
51
Let f(i) = -6*i**2 - i + 7. What is f(-9)?
-470
Let v(a) = -a**3 - 3*a**2 - 7*a + 7. Give v(-8).
383
Let c(a) = -7*a**3 - 78*a**2 - 5*a + 16. What is c(-11)?
-50
Let r(h) = -3*h**2 + 41*h - 134. Determine r(11).
-46
Let i(p) = -2056*p + 6146. What is i(3)?
-22
Let 